d l.
14
Suppose 0 = 3*z - 34 + 13. Let b be (7 + -2)/(z/(-182)). Let x = b + 226. What is the highest common factor of x and 12?
12
Suppose 15*u - 2*u = 130. What is the highest common factor of u and 370?
10
Let p be 6368/80 - 4/(-10). What is the highest common divisor of p and 60?
20
Suppose 4*h = -3*y - 110, -h + 0 = 2*y + 25. Let v = h + 69. What is the highest common factor of v and 8?
8
Suppose 6*n - 15 = 3. Calculate the greatest common divisor of n and 3.
3
Let l = -9 - -1. Let t(n) = n**3 + 9*n**2 + 2*n - 9. Let c be t(l). Calculate the greatest common factor of c and 26.
13
Let i = 416 + -406. What is the greatest common divisor of 5 and i?
5
Suppose 0 = 2*u + 4*w - 5*w - 465, -4*w - 700 = -3*u. Calculate the greatest common divisor of 87 and u.
29
Let q(b) = -b**2 + 17. Let n be q(0). Let m = 11 - n. Let l(u) = 3*u**2 + 5*u - 3. Let g be l(m). What is the highest common factor of 15 and g?
15
Suppose 12*k - 97 = 191. Calculate the greatest common factor of k and 108.
12
Suppose -4 = 2*a, 4*l + 2 = 2*a + 10. Let y be -2 - l - (2 + 28). Let z = y - -53. What is the greatest common factor of z and 60?
20
Suppose -374 = 4*x - 0*v - 3*v, -5*x = -v + 462. Let q = x + 139. Suppose -q = -5*b + 53. What is the highest common factor of 30 and b?
10
Let x(d) = 15*d**2 + d. Let n be x(-1). Let c = n + -13. Let y be -1*c*84/(-4). Calculate the highest common divisor of y and 21.
21
Let y = 24 - 22. Let o(t) = 2*t + y + 3*t + 4. Let q be o(2). What is the greatest common factor of q and 4?
4
Suppose 231 = -17*k + 28*k. Calculate the greatest common factor of 441 and k.
21
Suppose 5 = 2*u - u. Let t = u - -9. Calculate the greatest common factor of 14 and t.
14
Let f(t) = 4*t**2 + 103*t + 20. Let d be f(-30). Calculate the highest common factor of 10 and d.
10
Let w = -15 + 23. Let l(a) = w*a**2 + 2*a**3 - 10*a - 6*a - 1 + 15*a - 3*a**3. Let o be l(6). What is the greatest common divisor of 13 and o?
13
Let t = 33 - 28. Let p be (t - -37)*6/4. Calculate the highest common divisor of 42 and p.
21
Let o = 166 + -146. Calculate the greatest common factor of o and 620.
20
Suppose 0 = 5*v - 5*g - 49 - 26, -45 = -2*v + 5*g. Let s be 3/(6/8) + v. What is the highest common divisor of s and 7?
7
Let y(a) = -a**2 + 5*a - 1. Let z be y(4). Let w be (2/4)/(z/138). Suppose 3*v = -7*v + 1840. Calculate the highest common factor of w and v.
23
Suppose 4*j = 2*k - 12 - 22, 4 = 2*k + 2*j. Let y(q) = 2*q - 1. Let b be y(k). Calculate the highest common factor of b and 39.
13
Suppose 4610 = 22*h - 3706. What is the highest common factor of 14 and h?
14
Let w(u) = 61*u - 324. Let s be w(21). What is the greatest common divisor of 11 and s?
11
Suppose -16 = -3*x - 7. Suppose -48 = -7*z + x*z. Calculate the greatest common factor of z and 3.
3
Let s be (104/(-130))/(-2*1/25). Calculate the greatest common factor of 25 and s.
5
Suppose 3*g + g = 756. Let t(r) = -r**2 - 3*r + 10. Let x be t(-5). Suppose -i + 15 + 6 = x. What is the highest common divisor of g and i?
21
Let l = 839 + -695. Calculate the greatest common factor of l and 112.
16
Suppose 4*m + 2*z - 692 = 0, 9*m + z = 4*m + 868. Let l = 372 - m. Calculate the greatest common factor of 18 and l.
18
Suppose -2*j - 7 = -f - 6*j, -5*f + j = -14. Suppose 0 = -f*d - 3*v + 42, 0 = 2*d - v - 0*v - 22. What is the greatest common divisor of d and 12?
12
Suppose -2*d + 198 = d. Let k be 3 + (d/(-3))/(-1). What is the highest common factor of 10 and k?
5
Suppose -7*t = -12*t + 820. Calculate the highest common factor of t and 4.
4
Let k(j) = 26*j**2 - 95*j - 367. Let q be k(-4). What is the highest common factor of q and 99?
33
Suppose 2*f - 30 = -0*f. Suppose -4*i + 6 = -2*i. Suppose -m + 0*q = 4*q - 5, 25 = 5*m - i*q. What is the greatest common factor of m and f?
5
Suppose 6*x + 5*b - 20 = 2*x, -3*b = 12. What is the highest common divisor of 270 and x?
10
Suppose 0*d + 8 = b + 4*d, b + 2*d - 8 = 0. Calculate the greatest common divisor of b and 328.
8
Let a be 175/(-10)*(-48)/28. Calculate the greatest common divisor of 54 and a.
6
Let c(v) = 186*v - 22. Let k be c(2). What is the highest common factor of 105 and k?
35
Let r = 129 - -103. Calculate the highest common divisor of 8 and r.
8
Suppose 352 = 7*d - 152. Calculate the greatest common divisor of 12 and d.
12
Suppose h + 2*g = -2*h + 523, 1 = -g. What is the greatest common divisor of 245 and h?
35
Suppose 36062 - 1232 = 45*j. What is the highest common divisor of j and 86?
86
Let s = 67 + -61. What is the highest common divisor of s and 54?
6
Let a be 312/(-84) - -4 - (-528)/14. What is the highest common divisor of a and 171?
19
Suppose 4*n + 20 = 4*r, -3*r = -5*n + r - 20. Suppose -3*p + 3*g + 9 = -n*p, -2*p = -5*g. What is the greatest common factor of p and 75?
5
Suppose 3*f = 2*p - 0*f - 14, -3*p + 2*f + 16 = 0. Suppose y = -p*i + 72, 2*y + y = -4*i + 80. Calculate the highest common factor of i and 153.
17
Suppose -2*f - 2*b = -258, 383 = -16*f + 19*f - b. Calculate the greatest common factor of 448 and f.
64
Suppose -3*n - 61 - 31 = -o, n = -o + 76. Calculate the highest common divisor of 592 and o.
16
Let u = 22 + -20. Suppose -m + u*m - 25 = 0. Suppose -4*c = -2*t + 30, 5*t - m = 3*c + 50. Calculate the highest common factor of t and 105.
15
Let x be 51*6/72*4. What is the highest common divisor of 3 and x?
1
Suppose 5*r + 152 = 572. Calculate the highest common divisor of 105 and r.
21
Suppose -8 - 12 = -4*v. Let k(p) = -p + 6. Let n be k(v). What is the highest common factor of n and 7?
1
Let w(s) = 23*s + 343. Let y be w(-14). Calculate the greatest common divisor of 21 and y.
21
Let c = -43 - -6. Let l = 559 + -261. Let m = c + l. Calculate the greatest common factor of 29 and m.
29
Suppose -13*z + 12*z = -20. Let o be 20 + -5*(-4)/z. What is the greatest common factor of o and 7?
7
Let c be 2 + (-1)/((-1)/2). Suppose 0 = -8*k + 1336 + 64. Suppose a - k = -c*a. What is the highest common factor of a and 5?
5
Let c be 4/(0 - -1) - -2. Suppose -5*g = -0*g - 20. Let o = 8 + g. Calculate the greatest common factor of c and o.
6
Suppose 0 = 3*p - 4*l - 101, -p = -12*l + 17*l - 2. Calculate the highest common divisor of 837 and p.
27
Suppose 814 - 430 = 4*c. Calculate the greatest common factor of c and 6.
6
Let k be 797/19 + (-126)/(-2394). Calculate the highest common factor of 273 and k.
21
Let v be -3*(988/(-39))/(0 + 1). Suppose 3*h - u = 3*u + 40, -5*h + 2*u = -v. Calculate the highest common factor of h and 64.
16
Let x = -37 - -45. Suppose -4*m = x*m - 672. What is the greatest common factor of m and 28?
28
Let b be (-258)/((-44)/(-330) - 196/120). Suppose -2*t + 1 = -85. What is the greatest common factor of b and t?
43
Let g = 165 - 158. What is the greatest common factor of g and 91?
7
Let j(x) = 2*x**3 + 6*x**2 - 2*x - 5. Let h be j(-3). What is the highest common factor of 1 and h?
1
Suppose 56*s + n = 51*s + 64, 4*s - 57 = 5*n. Let o be 312/(-9)*(-6)/2. What is the greatest common divisor of s and o?
13
Suppose 0 = 2*q - 9*q + 21. Suppose -q = -t - 28. Let s = t + 31. Calculate the highest common divisor of s and 2.
2
Let j(v) = 7*v - 14. Let y(f) = -8*f + 15. Let s(d) = 6*j(d) + 5*y(d). Let r be s(18). What is the greatest common divisor of r and 135?
27
Let a = 200 + -65. Calculate the highest common factor of a and 15.
15
Let f = 22 - 17. Suppose -243 = -f*c - 208. Let r = -36 - -64. Calculate the highest common factor of r and c.
7
Let k(a) = -a**2 - 48*a - 554. Let y be k(-28). Let o be (-3 - -5)*(-24)/(-1). Calculate the highest common divisor of y and o.
6
Let l(h) = 246*h + 2 - 1 - 4. Let k(x) = -x**3 + x**2 - 3*x - 4. Let q be k(-1). Let w be l(q). What is the highest common factor of 27 and w?
27
Let d(j) be the second derivative of 0 + j + 1/6*j**3 + 7*j**2. Let a be d(-12). What is the highest common divisor of a and 10?
2
Let u(p) = -27*p + 5. Let o be u(8). Let z = 307 + o. What is the highest common factor of 64 and z?
32
Suppose -64*p + 9990 = -58*p. What is the greatest common divisor of p and 15?
15
Let i(h) = h**3 - 8*h**2 + 8*h - 7. Let g be i(7). Suppose g = -5*c + 13 - 23. Let r = 4 - c. What is the greatest common divisor of 30 and r?
6
Let t(q) = 6*q + 21. Let h be t(-9). Let v = -22 - h. Calculate the high